actors of g.
73
Let w be ((-14)/12 - 6/(-4))*-3. Let h be (34/(-51))/(w/(-24)). Let l = h + 19. List the prime factors of l.
3
Let z be (3/(-6) + (-20)/(-24))*-33. Let v(a) = -a**3 - 10*a**2 + 13*a + 26. Let r be v(z). Suppose r*k - 1124 = -328. List the prime factors of k.
199
Let x = 25515 + -4778. List the prime factors of x.
89, 233
Let j be 2 - (1/(-1) + -42). Suppose 0 = -2*t + 11*t - 106 + 142. Let l = j + t. What are the prime factors of l?
41
Let f = 5 + 75. Suppose 0 = -3*x + f + 250. List the prime factors of x.
2, 5, 11
Suppose 4*b - 47014 = 3*f, -3*f = -3*b + 13693 + 21569. What are the prime factors of b?
2, 13, 113
Suppose -31*w + 20*w = -55. List the prime factors of 4175/w + -6 + 0.
829
Let m(o) = -8 + 13*o**2 + 4 + 8 + 8 - 4*o. Let f be m(-6). Suppose -57*h = -53*h - f. What are the prime factors of h?
2, 3, 7
Let m(v) = 141*v**3 + 27*v**2 - 154*v - 20. List the prime factors of m(5).
2, 5, 17, 103
What are the prime factors of (-72)/14 + 20/140 + 7 - -4091?
4093
Let x be 5891*2 + (-68 - -64). List the prime factors of 9/(-21) - x/(-42).
2, 5, 7
Suppose 3*u = -u - 24. What are the prime factors of ((-340)/(-16))/(u/(-72))?
3, 5, 17
Let w = -43667 - -70328. What are the prime factors of w?
3, 8887
Let p(s) = s**2 + 17*s - 35. Let g be p(-18). Let h = g - -21. Suppose -h*v = -0*v - 28. List the prime factors of v.
7
List the prime factors of (-2)/4*((-9390)/7)/((-29)/(-609)).
3, 5, 313
Let u(r) = -49*r**3 + r**2 - 1. Let o be u(1). Let z = -47 - o. What are the prime factors of z/3 + 1252/12?
3, 5, 7
Suppose 5825134 = 927*m - 805*m. List the prime factors of m.
7, 19, 359
Suppose -4*j + 13 = -n, 0 = -n - 4*j - 4 + 15. Let f(q) = -569*q**3 - 2*q**2 - 3*q - 2. What are the prime factors of f(n)?
2, 71
Let j(p) = 81*p**3 - p**2 - 3*p + 3. Let o(r) = r**3 + 5*r**2 + 2*r - 7. Let t be o(-4). What are the prime factors of j(t)?
2, 5
Let g = 854 + -410. Let c = g + -227. List the prime factors of c.
7, 31
Suppose -2*p + 12*p = 0. Suppose 3*d + 9 = p, 0*i - 25 = -i + 2*d. Suppose -i*t + 636 = -16*t. List the prime factors of t.
2, 53
Let c = 78 - 43. Let a = -30 + c. Suppose 573 = a*y - 22. List the prime factors of y.
7, 17
Let x be (-21 + 24)/((-6)/(-466)). Let g = 332 - x. List the prime factors of g.
3, 11
Suppose 0 = -6*o + 283 + 137. Suppose -o = -5*x + 3*x. Let u = x + 0. What are the prime factors of u?
5, 7
Let o be (-4)/16 + (-9)/(-4). Let y(l) = 209*l - 394*l - 4*l**o - 2*l**3 + 199*l + 8. What are the prime factors of y(-5)?
2, 11
Let j(h) = 3*h + 14. Let s be j(-9). Let w = s + 18. Suppose k - 2*t = 145, -w*t = 4*k + k - 770. List the prime factors of k.
151
Let s = 79 - 38. Let m = -38 + s. What are the prime factors of (52 + 6)*m/6?
29
Let o be ((-26)/((-1144)/(-495)))/(2/(-344)). Let j = -1185 + o. List the prime factors of j.
2, 3, 5
Let y(o) = o + o**3 + 127*o**2 - 113*o**2 - 18*o - 10 - 15. Let d be y(-15). Suppose 44 + 1 = d*v. List the prime factors of v.
3
Suppose -16*s = 218*s - 1880190. What are the prime factors of s?
5, 1607
Suppose 12 = -3*g, -2*n - 4 = 3*g + 4. Suppose -f + 115 = -3*p, p + 25 = n*f - 5*f. What are the prime factors of -2*(-4)/(-8) - p?
2, 3
Let w = 20 - 12. Let q(s) = s**2 - 7*s + 3. Let k be q(w). Let h(r) = r + 24. List the prime factors of h(k).
5, 7
What are the prime factors of (2/3 - 1)*(-41111589)/521?
29, 907
Let v be (-4748)/(-18) - (-8)/36. What are the prime factors of 3 + 8/(-2) + 6 + v?
269
Suppose -35*u + 4*u = -88185 - 105038. What are the prime factors of u?
23, 271
Let c(j) = 333*j - 2497. List the prime factors of c(16).
19, 149
Let d(i) = i**3 + 79*i**2 - 188*i - 754. What are the prime factors of d(-78)?
2, 13, 769
Let f(w) = -24*w**2 - 5*w + 5. Let m be f(1). Let l be (-3 + 2)/(-3 + (-76)/m). List the prime factors of (4 - 4)/l + 116.
2, 29
Let d(y) = 11*y + 4. Let j be d(0). Suppose 0 = -n - 2*l + 89 + 355, -j*n + 4*l = -1788. List the prime factors of n.
2, 223
Let a = 15105 + -4516. What are the prime factors of a?
10589
Let v(f) = -3*f - 63. Let a be v(-21). Suppose -4*k + 888 = 4*h - 448, a = k - 4. List the prime factors of h.
2, 3, 5, 11
Suppose 2 = b + 5*i - 1, -2*i = -b - 4. What are the prime factors of -5 - ((-84)/(-24))/(b/104)?
3, 59
Let q(o) = -6 - 7 + 5 - 2*o. Let h be q(-5). Suppose 12 = -h*k + 158. What are the prime factors of k?
73
Let w(j) = -j**3 - 40*j**2 - 39*j - 63. List the prime factors of w(-41).
3217
Suppose 11*v + 18527 = 56191. What are the prime factors of v?
2, 107
Let w be ((-2)/7)/((-7)/49). Suppose -w*g + 37 + 11 = 0. What are the prime factors of 1/(-2) + 1572/g?
5, 13
Suppose 0 = -3*q + 29 - 14. Let w(a) = -a**3 - 2*a**2 + 9*a - 7. Let n be w(q). Let o = n + 229. What are the prime factors of o?
2, 23
Let f = 21 - 13. Let t be f/(-36) - (902/(-9) - -1). Let c = t - 43. What are the prime factors of c?
2, 7
Let g = 60 - 50. List the prime factors of 256/g*(-375)/(-50).
2, 3
List the prime factors of (-17847)/6*((-40)/150)/(4/70).
3, 7, 661
List the prime factors of (-165099306)/(-3843) + (-4)/84.
42961
Suppose -3*l + 84835 = 5*x, 5*x + 179 = 144. List the prime factors of l.
2, 3, 5, 23, 41
Let i = 1074 + 7939. List the prime factors of i.
9013
Let m(d) = d**3 + 13*d**2 + 19*d + 10. Suppose -3*v - 12 = 0, 0 = -3*p + v + 97 + 147. Let t = p + -90. List the prime factors of m(t).
2, 3, 5
Let b = -1101 + 2117. Suppose 1134 = 10*r - b. What are the prime factors of r?
5, 43
Suppose 71*n = 70*n + 3*i + 31228, 0 = -3*n - 4*i + 93632. List the prime factors of n.
2, 1951
Suppose -34 = -3*c - 10. Let j be 12/c - 358/(-4). Suppose 0 = -7*o + 84 + j. What are the prime factors of o?
5
Let f(m) = -5*m - 6 - 4*m + 0*m + 0*m. Let i(u) = u**3 + 9*u**2 + 9*u - 11. Let k be i(-8). What are the prime factors of f(k)?
3, 5, 11
Let r = -1138 - -1727. Suppose r = 3*n + w - 1041, 4*n + 5*w - 2166 = 0. What are the prime factors of n?
2, 17
Suppose 5*u + 174 = -5*h + 159, -3*h - 3 = 2*u. Let i(m) be the first derivative of -m**4/4 - 2*m**3/3 - 13*m**2/2 - 18*m + 1. List the prime factors of i(u).
2, 3, 17
Let o(z) = 1063*z + 1936. What are the prime factors of o(13)?
5, 23, 137
Let k = 17222 + -8204. What are the prime factors of k?
2, 3, 167
Suppose 0*y - 3*y = 2*m + 40, -56 = 5*y - 2*m. Let z = 28 + y. Suppose -4*s = 4*t - z, -4*s - 2 + 14 = 2*t. What are the prime factors of s?
2
Suppose -621*v = -629*v + 29192. Suppose -27755 + v = -17*j. What are the prime factors of j?
2, 709
Let o(n) be the third derivative of -13*n**4/12 - 8*n**3 - 5*n**2 + 12*n. List the prime factors of o(-17).
2, 197
Let i = 72394 - -8223. What are the prime factors of i?
19, 4243
Let c = 16966 + -4375. List the prime factors of c.
3, 1399
Suppose 3*m - 5*u - 9 = -0*u, 4*u = -4*m + 44. Let c be 2*1*(m + -35)/9. List the prime factors of 96/(-9)*(-1 + 93/c).
2, 11
Let s = -2083 + 6795. What are the prime factors of s?
2, 19, 31
Suppose -2*t + 7 = 3, -4*t + 35 = 3*g. What are the prime factors of 84/g*612/7?
2, 3, 17
Let y(j) = j**2 - 21*j + 87. Let t be y(6). List the prime factors of (-2)/t + 8382/9.
2, 233
Let o be (-3)/6 - 95/(-2). Suppose 2*b - 4*z - 4 = 0, 4 = 4*b - z - 4. Suppose -o = -b*t + 3*a, -6*t + 146 = -t + 2*a. List the prime factors of t.
2, 7
Let t(z) = -6*z**3 + 2*z**2 + 2*z + 1. Let k be t(-1). Suppose 10*c - k*c - 168 = 0. Suppose -5*l + 284 = -c. What are the prime factors of l?
2, 17
Let q = 23787 - 14070. What are the prime factors of q?
3, 41, 79
Suppose 2*p - 207 = 167. Suppose 14*t = 3*t + p. Suppose w - 5*z = -t + 228, 0 = 3*w + 5*z - 553. What are the prime factors of w?
191
Suppose -5*a + 4*l = -13187, -4*a + 3*a - l + 2632 = 0. Let w = 4153 - a. List the prime factors of w.
2, 3, 11, 23
List the prime factors of ((-24596)/(-88))/(1/8).
2, 13, 43
Suppose 5*d = 12*d - 98. Suppose 15*c - d*c - 238 = 0. List the prime factors of c.
2, 7, 17
Let x = -18326 + 32134. List the prime factors of x.
2, 863
Suppose 29 = 2*n + 19. Suppose n*d = d + 16. List the prime factors of 14/28 + 106/d.
3
Let t(k) = 331*k**2 - 274*k - 4041. What are the prime factors of t(-15)?
2, 3, 1553
Suppose 24*i = 10*i + 49588. List the prime factors of (-4)/(20/(-3)) + i/5.
709
Let a be 28 + 20 - (3 - 1). List the prime factors of 38966/a - 64/736.
7, 11
Let v(k) = -2*k + 17. Let 